, what is 1 + 1b?
1c
In base 3, what is 0 - -2101222?
2101222
In base 15, what is -3 - 43?
-46
In base 7, what is 322 + 231?
553
In base 6, what is -20 - -50?
30
In base 9, what is -154 - 187?
-352
In base 9, what is 3 + 168?
172
In base 9, what is -3 + 185?
182
In base 6, what is -51 - 105?
-200
In base 11, what is 205 + -7?
1a9
In base 14, what is d28 + -4?
d24
In base 5, what is -10 - 1344?
-1404
In base 6, what is 151 + 1?
152
In base 11, what is -1 - -2?
1
In base 11, what is -8 - -19?
11
In base 7, what is -4022 + 4?
-4015
In base 9, what is -4607 - 5?
-4613
In base 6, what is -12123 - 3?
-12130
In base 10, what is 11694 + -4?
11690
In base 14, what is -3d - -13?
-2a
In base 7, what is -1 - -14222?
14221
In base 8, what is -15 + -26?
-43
In base 14, what is -4 - 25?
-29
In base 3, what is 110220 + -11?
110202
In base 7, what is 16516 - -4?
16523
In base 15, what is -100 + 16?
-d9
In base 16, what is 37 + 2?
39
In base 12, what is -43 + 2?
-41
In base 8, what is -4 + 532?
526
In base 16, what is 9 - 1b?
-12
In base 3, what is -122210 + -1?
-122211
In base 7, what is -1034 + 3?
-1031
In base 3, what is -2001110 - -1?
-2001102
In base 5, what is 23231 - -14?
23300
In base 16, what is -21f - -4?
-21b
In base 12, what is 46 - 5?
41
In base 7, what is -3643 - -2?
-3641
In base 12, what is -52 - -9?
-45
In base 2, what is -110010111 - -11?
-110010100
In base 15, what is 9 - 1064?
-105a
In base 3, what is 11 - -12221001?
12221012
In base 2, what is -1110 - -1001110010?
1001100100
In base 16, what is 1d92 - 3?
1d8f
In base 10, what is 270 + 4?
274
In base 16, what is 0 - -45a?
45a
In base 10, what is -3 + 174?
171
In base 16, what is c - 506?
-4fa
In base 5, what is -1423 + -201?
-2124
In base 14, what is d - -1?
10
In base 2, what is 11000000 + 1001000?
100001000
In base 9, what is -2 + -13173?
-13175
In base 7, what is 16 - 1?
15
In base 8, what is -1 + 62?
61
In base 7, what is -2 - -32?
30
In base 13, what is -2 - 95?
-97
In base 4, what is -130 + -1012?
-1202
In base 14, what is 0 - -24cd?
24cd
In base 10, what is -1359 + 4?
-1355
In base 2, what is 101101100110 - 0?
101101100110
In base 7, what is 3000 + -12?
2655
In base 14, what is 4 + -d?
-9
In base 8, what is 70 + 3?
73
In base 9, what is 416 - -1?
417
In base 5, what is -332 + -314?
-1201
In base 3, what is 1000222 - -1?
1001000
In base 11, what is -5 + 123?
119
In base 6, what is 0 + -135?
-135
In base 10, what is 4220 - 0?
4220
In base 10, what is 0 - -86?
86
In base 15, what is -19 - -ca?
b1
In base 11, what is 61 - 12a?
-79
In base 15, what is -5a - 0?
-5a
In base 8, what is -14 - 3175?
-3211
In base 11, what is 205 - 33?
182
In base 11, what is aa6 - 3?
aa3
In base 15, what is -5 - -1e0?
1da
In base 14, what is 5 - 21?
-1a
In base 16, what is -1 + 5a?
59
In base 8, what is 1 + -12201?
-12200
In base 5, what is -34 + -2?
-41
In base 8, what is 1237 + 4?
1243
In base 2, what is 100000011 - -11?
100000110
In base 2, what is 1 - 1101111110?
-1101111101
In base 5, what is -12 - 22?
-34
In base 4, what is 1023 - 320?
103
In base 10, what is 103 + -4?
99
In base 2, what is 1011001 - 1?
1011000
In base 14, what is 5 - 2c?
-27
In base 13, what is 3 - -b5?
b8
In base 15, what is -1911 - 5?
-1916
In base 15, what is 4 + -713?
-70e
In base 8, what is -240 - 15?
-255
In base 13, what is -1 - -609?
608
In base 8, what is 3 + 40?
43
In base 5, what is 103 - 2?
101
In base 11, what is -1 - -4?
3
In base 4, what is 122332 - 0?
122332
In base 15, what is a - 156a?
-1560
In base 5, what is -342 - 140?
-1032
In base 6, what is -1043 + 2?
-1041
In base 3, what is 1022211112 - -12?
1022211201
In base 3, what is 11220000 - -10?
11220010
In base 14, what is -2 - 40?
-42
In base 16, what is 1 + 44?
45
In base 12, what is 5 + 1b?
24
In base 2, what is -110 - -10010010?
10001100
In base 6, what is -330 - -5?
-321
In base 12, what is -3 - -52?
4b
In base 2, what is -101 - 110011?
-111000
In base 3, what is -22 + -12101?
-12200
In base 15, what is -22d + b?
-222
In base 15, what is -89a - 3?
-89d
In base 11, what is -5 + -183?
-188
In base 7, what is -5 - 11?
-16
In base 6, what is 2544 + 3?
2551
In base 14, what is -1c - -4?
-18
In base 7, what is -4 - 22?
-26
In base 11, what is 3 - 110?
-108
In base 15, what is -182 - -2?
-180
In base 6, what is -4 - -344?
340
In base 16, what is 7 - 8?
-1
In base 16, what is 5 + -42?
-3d
In base 8, what is -23110 - -5?
-23103
In base 12, what is -3 - -52?
4b
In base 13, what is -20 + 39?
19
In base 4, what is -210 + -2?
-212
In base 15, what is 4c6 + 0?
4c6
In base 14, what is -39 - -4c?
13
In base 2, what is -10 - 100100100110?
-100100101000
In base 14, what is -d7 - -2?
-d5
In base 7, what is -1052 + 13?
-1036
In base 9, what is -1615 + 1?
-1614
In base 8, what is 1 - 201?
-200
In base 5, what is -10 - 44?
-104
In base 12, what is -58 + 5?
-53
In base 13, what is -8 + 12?
7
In base 10, what is -6079 - -2?
-6077
In base 4, what is -12321 + 23?
-12232
In base 7, what is 122 - -1?
123
In base 10, what is -4 - -34?
30
In base 2, what is 100 - -10?
110
In base 14, what is -dbc - 0?
-dbc
In base 7, what is -35355 - 4?
-35362
In base 3, what is 10 + -122121?
-122111
In base 12, what is -16 - 51?
-67
In base 3, what is -12 - -20020212?
20020200
In base 2, what is -10 + -10?
-100
In base 12, what is -105 - 2?
-107
In base 2, what is -101101100010 + -10?
-101101100100
In base 8, what is -54 - -20?
-34
In base 7, what is 4121 + 1?
4122
In base 7, what is 104 - -62?
166
In base 4, what is 12100 - -10?
12110
In base 10, what is -17 + 429?
412
In base 15, what is 51 - 0?
51
In base 15, what is d + -24?
-16
In base 11, what is 40 - -10?
50
In base 13, what is -5 + 3?
-2
In base 2, what is 1001000 + 11?
1001011
In base 4, what is -232 - -11?
-221
In base 9, what is 2160 - -5?
2165
In base 7, what is -116132 + 0?
-116132
In base 16, what is -2c7 + -3?
-2ca
In base 7, what is -5 + 26564?
26556
In base 8, what is -11 - 1?
-12
In base 13, what is 0 + c0?
c0
In base 11, what is 5 - 243?
-239
In base 3, what is 221012212 - -2?
221012221
In base 2, what is 10 + 101010010?
101010100
In base 2, what is 10011111101110101 - -1?
10011111101110110
In base 14, what is -4 + -18d?
-193
In base 13, what is 125 - 5?
120
In base 11, what is -29 - -4?
-25
In base 13, what is 2b3 - 1?
2b2
In base 12, what is 1 - 1655?
-1654
In base 5, what is 130 - -20?
200
In base 10, what is -970 + -1?
-971
In base 7, what is -36602 + -2?
-36604
In base 2, what is 1 + 1010?
1011
In base 8, what is -1004 + 4?
-1000
In base 13, what is 9 + a?
16
In base 11, what is 26 - 244?
-219
In base 9, what is 5 - -5021?
5026
In base 11, what is 3 + 588?
590
In base 4, what is -2 - 1112201?
-1112203
In base 14, what is -1 - -77?
76
In base 16, what is 5 - 41?
-3c
In base 9, what is -2 + 1245?
1243
In base 3, what is -102110 - 10?
-102120
In base 14, what is -21c + -3?
-221
In base 11, what is 45 + -8?
38
In base 6, what is -12253 + -4?
-12301
In base 13, what is -a8b - 2?
-a90
In base 7, what is 263 + -1?
262
In base 5, what is -23343 + 0?
-23343
In base 6, what is 2 - -5325?
5331
In base 2, what is -1101 + 1110010000?
1110000011
In base 6, what is 1110 + -12?
1054
In base 16, what is 2 + 15?
17
In base 15, what is 63 + 1c?
80
In base 8, what is -321 - 0?
-321
In base 14, what is -4 - 70?
-74
In base 4, what is -11 - -333211?
333200
In base 10, what is 4 - -86?
90
In base 12, what is -1 - -176?
175
In base 2, what is 100001101001 - -10010?
100001111011
In base 7, what is 33 + -3?
30
In base 9, what is -21 - -44?
23
In base 2, what is -11100 - -110?
-10110
In base 10, what is 39 - -9?
48
In base 4, what is 10332 + 2?
11000
In base 11, what is 6 - 900?
-8a5
In base 2, what is -1001001 - -1000001?
-1000
In base 13, what is 1 - -8c?
90
In base 15, what is -7 - 12?
-19
In base 6, what is 3 - -231?
234
In base 12, what is 2 - b6b?
-b69
In base 13, what is 3 - -37?
3a
In base 8, what is 7 - 100?
-71
In base 2, what is 10 + -11?
-1
In base 7, what is 2 - -1330?
1332
In base 4, what is -3 - -2303?
2300
In base 12, what is -14a + 4?
-146
In base 7, what is -303 + 4?
-266
In base 6, what is 103 + -5?
54
In base 14, what is 2b4 + -1?
2b3
In base 5, what is 13 - -3402?
3420
In base 5, what is -1 - -12120?
12114
In base 6, what is -5 + -3514?
